 + 48493. Is c a composite number?
False
Let b = 51 - 47. Suppose 0 = -b*i - 4982 - 1938. Let x = -981 - i. Is x prime?
False
Suppose -c = 5*n, 5*c - n + 6*n = 40. Suppose -50 = -0*y + c*y. Let l(f) = 56*f**2 + 5*f + 16. Is l(y) prime?
False
Let d(q) be the third derivative of -59*q**6/60 - 7*q**5/60 - q**4/8 - 5*q**3/6 + 45*q**2. Is d(-3) a prime number?
False
Let r = 9683 - -55743. Is r prime?
False
Let p(i) = -i - 3. Let k be p(-7). Let f(u) = u - 1. Let a(d) = -d**3 + 3*d**2 - 9*d + 1. Let m(l) = k*f(l) - a(l). Is m(8) a composite number?
False
Let q = 325 - 320. Suppose 6*h + 41443 = 11*h + 4*o, o + 41433 = q*h. Is h a prime number?
True
Suppose -3*c = -5*w + 109753 + 132178, -145163 = -3*w + 4*c. Is w prime?
False
Suppose -5*q = -0*q - 640. Let h = -126 + q. Suppose 0*d = h*d + 3*z - 2149, -1071 = -d + 2*z. Is d prime?
False
Suppose -6*z - 1 + 37 = 0. Is ((-44871)/z)/((-6)/12) a composite number?
False
Let w be (-3)/(-5)*(-60)/(-12). Let x(b) = -2*b**3 - 3*b + 3. Let s be x(w). Is (-2)/12 + (-19750)/s prime?
False
Let b(q) = -13*q + 137. Let x be b(10). Suppose x*w = 11794 + 37521. Is w a prime number?
False
Suppose 4*h + 2*r - 112 = 0, -5*r + 57 = 4*h - 49. Let k = -23 + h. Suppose -k*g = -g - 2510. Is g a composite number?
True
Let d(h) = -h + 12. Let c be d(9). Suppose 0 = c*v + 265 + 254. Let y = 304 + v. Is y a composite number?
False
Suppose 0 = 5*c - 69 + 49. Let p(a) = c - 4 + 400*a - 4 + 3. Is p(2) composite?
True
Let p(k) = k**3 - k**2 + k + 2. Let j be (0*(-3)/(-12))/2. Let z be p(j). Suppose 0 = z*w + 2*d - 2196, 2*w + 4*d - 2198 = -0*w. Is w composite?
False
Suppose -27 = -0*r - 3*r + 5*t, -5*r - 4*t + 8 = 0. Let i(z) = 9*z - z + 0*z + 1 + r. Is i(4) composite?
False
Suppose 5*n = 11 + 9. Suppose -13651 = -7*x - n*x. Is x composite?
True
Let g(y) = -6*y - 100. Let x be g(-19). Is 7022*(-4 + 0 + 63/x) prime?
True
Suppose 0 = 2*b - 5*y + 15, -b = -0*b + y + 11. Let p = b - -24. Is 16/(-56) + 5786/p a composite number?
True
Suppose -t - 4*f = -41353, -5*t - f - 123994 = -8*t. Is t a composite number?
False
Let t = 580164 + -163403. Is t a composite number?
False
Suppose 5*o = -956730 + 3072905. Suppose 26*r + 21*r - o = 0. Is r a composite number?
True
Suppose w = -4644 + 28156. Suppose 20085 = 2*m + 3*b - 3431, b - w = -2*m. Is m composite?
True
Suppose 5*g - 2650 = 2*t + 3393, 0 = -2*g + 6. Is 12 - 6 - t/(8/4) composite?
True
Is 8415731/51 - (-2)/(-6) composite?
True
Suppose -56*k = -60*k + 5684. Suppose 3*j = 0, -k = -d - j - 514. Is d prime?
True
Let j(z) = 476*z + 1645. Is j(38) composite?
True
Let a be (-6)/(-6) - -6 - 3. Suppose -8108 = -2*r + 5*u, -3*r + a*u = 5*u - 12145. Is r a prime number?
True
Is (2/10)/((-1)/2 + (-23883684)/(-47766840)) a composite number?
False
Suppose p = 0, -3*l - 2*p = l + 16. Let d(u) = 934*u**2 - 8*u - 7. Is d(l) composite?
False
Suppose -4*n + 26 = 4*s - 38, -2 = -2*s. Suppose 10*m - 5*m = n. Suppose j - v = 3*v + 67, -m*j + 234 = -v. Is j a composite number?
False
Let m(b) = -145*b**2 + 7*b**3 + 11 + 280*b**2 + 3*b - 140*b**2. Is m(8) a prime number?
True
Let x(m) be the first derivative of -50*m**4 - 4*m**3/3 + 5*m - 15. Is x(-2) a prime number?
False
Let q(u) = -u**2 + 20*u - 15. Let c be q(19). Suppose -5*a = -25, -6*a = 3*n - c*a - 52. Is 7/((-245)/(-10)) + 5302/n a prime number?
True
Is -37 + 27 - (-5790729)/7 composite?
True
Is (-297125)/(-10) + 21 - 2/(-4) prime?
False
Let g(f) = 241*f**3 + 9*f**2 + 25*f - 39. Is g(10) prime?
False
Suppose 91*a - 12323 = 90*a. Suppose 22849 = -4*v - a. Is (-7)/((-42)/4)*v/(-6) a prime number?
True
Let g(v) be the first derivative of 3*v**3 + v**2 + v + 38. Let o be g(-1). Suppose -388 = o*b - 12*b. Is b composite?
False
Is (8/(480/(-620470)))/(5/(-30)) a prime number?
True
Let t be 2/(-7) + (-390)/(-91) + -593. Let o be 1125/2*(-16)/6. Let z = t - o. Is z prime?
True
Suppose 0 = 4*u - 3*u, -2344 = -4*k - 3*u. Is 5 + 16/(-4) + k composite?
False
Let c(k) = 3*k**3 + 4*k**2 + 5*k + 2. Let s(m) = -16*m**2 - 9 + 160*m + 1 - 13*m**3 - 179*m. Let i(n) = -9*c(n) - 2*s(n). Is i(-5) prime?
False
Let t be (-59475)/35 - (-6)/21. Let i = 2888 + t. Is i composite?
True
Let r(p) = -12761*p - 3224. Is r(-3) a prime number?
True
Let f(v) = -208*v**3 - 5*v**2 - 15*v - 19. Is f(-5) composite?
False
Let b = 3 + 24. Let x = 27 - b. Suppose x = -4*w + 3647 - 675. Is w a prime number?
True
Let o(j) = -667*j**3 - 3*j**2 - 4*j - 17. Is o(-6) a composite number?
False
Suppose -4*p + o + 3*o = 272, 2*p + 133 = -o. Let n = 398 + -204. Let m = p + n. Is m composite?
False
Let n(h) = -2*h - 8. Let q(v) = -3*v - 16. Let j(c) = -7*n(c) + 3*q(c). Let t be j(0). Let b = t + 791. Is b a composite number?
True
Let v(f) = -23*f**3 + 38*f**2 - 42*f + 24. Let z be v(-18). Suppose -15*d + z = -3*d. Is d a composite number?
False
Suppose 0 = -98*r + 105*r - 120750. Let w = 24401 - r. Is w composite?
False
Let m = -664 + 664. Suppose p - 2*h - 9767 = m, h - 4*h + 39068 = 4*p. Is p a prime number?
True
Let n(q) = 5*q + 40. Let j be n(-6). Suppose -j*u = -36187 + 11717. Is u prime?
True
Suppose 4*d + 33 = 5*l, -4*l + 4*d - 5*d + 18 = 0. Suppose 0 = -z - 1 + l. Is (-1)/26*-60038 - z/26 a composite number?
False
Let l(b) = 17*b**2 + 2*b - 1. Let y be l(-6). Let h = 1468 - 1466. Suppose 4*r + 0*q + h*q = 802, 3*r - y = -2*q. Is r prime?
False
Let u be -8 + 6 + 5/((-10)/(-14384)). Let q = 15429 - u. Is (-6)/9 - q/(-33) a composite number?
True
Suppose -5*n = -j - 2*j + 42993, -3*j = 2*n - 42972. Suppose 0 = -28*k + j + 17902. Is k composite?
False
Suppose -x + 14 = 3*b, 0 = -3*x - 6*b + b + 26. Suppose -585 + 3968 = 3*y - 2*s, -x*y - 5*s = -2230. Let h = y - 174. Is h a prime number?
False
Let y(i) = 6*i**2 - 2*i - 2. Let v be y(-1). Let q be 2/3*567/v. Suppose -3*o = 2*d - 614, -159 = -o - 5*d + q. Is o composite?
True
Suppose 665905 = 5*s - 3*o, -4*s - 429*o = -434*o - 532724. Is s a composite number?
True
Let l be (-79)/(-11) - 4/22. Let y = l - -32. Is (0 + 139)/(13/y) a prime number?
False
Let i = -59592 - -88151. Is i a composite number?
False
Suppose 12*a - 14565738 = -35*a - 1177177. Is a prime?
False
Suppose -2*f + 3117 = 2*r - 3093, 2*f = r - 3120. Suppose 41*c + 8*c = 63651. Let z = c + r. Is z a composite number?
False
Let m be 14/4*(-56)/(-98). Let a(w) be the third derivative of 4*w**6/15 - w**4/6 - w**3/6 - 11*w**2. Is a(m) a composite number?
True
Let f(d) = 808*d + 69. Let x be f(19). Suppose -38*c + 45*c - x = 0. Is c a prime number?
True
Suppose -5*p + 13 = -7. Let w be (-72)/16*(-168 + -4) + 6. Suppose -j + w = 2*g + p*j, -2*g - 4*j = -782. Is g a prime number?
False
Is 934243 - (-1*(-6)/36 + 19/(-6)) a prime number?
False
Let q be (7/49*0)/2. Suppose q*p - 3*p + 17757 = 0. Is p composite?
True
Is (-1945992)/42*28/(-32)*4 prime?
False
Let b(h) be the third derivative of 22*h**2 + 0 + 0*h + 1/60*h**5 - 7/12*h**4 + 8/3*h**3. Is b(-7) a prime number?
True
Let l(t) = -823*t - 21. Let g = 52 + -64. Let m be (g/15)/((8/(-20))/(-2)). Is l(m) composite?
False
Let y(k) = -k**2 - k + 31. Let x be y(-6). Let o(r) = 133*r + 6. Is o(x) a composite number?
False
Suppose -5919 = 32*n - 29*n. Is n/(-5) + -9*10/(-225) a composite number?
True
Suppose -l - 34299 = -3*a, -2*a = -4*l + 3*l - 34295. Let h be -1 - (-2)/((-6)/l). Suppose 0 = -5*s - 3*y + 14263, -2*s - 2*s + h = -2*y. Is s composite?
True
Let c be (-4 - 0) + 33/1. Let f = c - 25. Suppose 10*w - 2514 = f*w. Is w a composite number?
False
Let w = -52 - -52. Suppose 5815 = 5*r - w*r. Let y = r + -664. Is y prime?
True
Let w = 25247 - -50960. Is w composite?
False
Suppose -8 = 5*b - 4*b - 2*d, 0 = 5*b + 3*d + 1. Is 362 + b + (18 - 20) composite?
True
Let l(o) = 33137*o**2 + 26*o + 28. Is l(-1) prime?
False
Suppose 4*t = -3*a + 2388871 + 463150, 3*t - 2139021 = -4*a. Is t prime?
False
Let p = -6252 - -11442. Suppose -p = -5*x - 4*u, x = -2*u + 488 + 544. Is x composite?
True
Is 21657025/(-370)*(-4)/10 a composite number?
True
Let w(n) be the first derivative of -n**4/4 - 4*n**3/3 - 3*n**2/2 + 3*n + 35. Let f = -23 + 17. Is w(f) a prime number?
False
Suppose -2*v - 2*n = -2, 19 = 4*v + 18*n - 17*n. Suppose -64572 = -18*m + v*m. Is m a prime number?
True
Suppose 6*q + 5786 = 40928. Let n = q + -1588. Is n composite?
True
Let q be (-158